. Let i = v + n. What is the units digit of i?
4
Let c = 3 + -13. What is the tens digit of (-155)/(-2) + (-5)/c?
7
Let u(t) = t**2 - 62*t + 58. What is the units digit of u(-33)?
3
Let o = -197 + 224. Suppose 4*k = v - 16, -2*v - 5 = 3*k + 7. Suppose v*q - o = -3*q. What is the units digit of q?
9
Let g = -23 + 25. Suppose -4 = -g*r + 4, -t = -2*r - 47. What is the tens digit of t?
5
What is the units digit of (-4)/(-9) + 21615/27?
1
Let y = -27 - -26. What is the units digit of y/((-16)/(-12)) + (-319)/(-4)?
9
Let x(y) = y - 3. Let l be x(6). What is the units digit of l + -2 + 11/1?
2
Let i(g) = -3*g**3 - 8*g**2 - 13*g + 6. Let s(q) = 4*q**3 + 8*q**2 + 13*q - 5. Let r(m) = 3*i(m) + 2*s(m). What is the tens digit of r(-6)?
1
Suppose u + 1 = 8. Let j(g) = -g**2 + 6*g + 10. Let o be j(u). Suppose o*t - 34 = 17. What is the units digit of t?
7
Suppose -1021 - 5648 = -9*z. What is the units digit of z?
1
Suppose -30791 = -15*m - 26*m. What is the tens digit of m?
5
Let c = -230 + 698. What is the tens digit of c?
6
What is the tens digit of ((-3)/2)/((-66)/30008)?
8
Suppose 3*y - 4 = y. Suppose -6*a + 8*a + s - 124 = 0, 301 = 5*a - y*s. What is the tens digit of a?
6
Let k = -81 - -384. What is the tens digit of k?
0
Let w = -24 + 21. What is the units digit of w*(10/6 + -4)?
7
Let m be (-1)/((28/88)/(-7)). Suppose -5*s + 3*t = -m, -2*s - 2*s + 25 = 5*t. Suppose -6 = -0*g - 2*g, s*o + g = 8. What is the units digit of o?
1
Suppose 3*r + 53257 = 22*r. What is the units digit of r?
3
Suppose -5*w = r - 30, 4*w - w - 10 = r. Suppose w*v = 7*v. Suppose 4*p - 26 - 26 = v. What is the tens digit of p?
1
Suppose 0 = 120*m - 117*m - 450. What is the hundreds digit of m?
1
Let q = 72 - 68. What is the units digit of (q - 9)*(-20 - -3)?
5
Let k = 335 - -703. What is the tens digit of k?
3
Let a be 4*((-3)/2)/(-3). Suppose 0 = -2*c + 5*r + 206, 265 - 75 = a*c - r. What is the units digit of c?
3
Suppose -3*j + 2*p + 9644 = 0, 3*j + 3*p - 6*p = 9645. What is the tens digit of j?
1
Let i(g) = -948*g - 167. What is the thousands digit of i(-2)?
1
Suppose 0 = 2*h - 11*h + 72. What is the units digit of (-1)/(-2) + 716/h?
0
Let c(x) = -2*x - 2. Let q be c(1). Let i(n) = -4*n**2 - 4*n + 8. Let h(l) = -4*l**2 - 4*l + 7. Let b(g) = q*h(g) + 3*i(g). What is the tens digit of b(-4)?
4
Let m(o) = 6*o**2 + 4*o - 16. Let g be m(6). Let a = g + -97. What is the hundreds digit of a?
1
Suppose 0 = -5*x + 7 - 77. Let c = x - -79. What is the tens digit of c?
6
What is the thousands digit of ((-16)/24)/(2*(-1)/5748)?
1
Let h = 10 - 4. Let i be h - 8/(-20)*-5. Suppose -4*q = -4*f + 24, i*f - 3*q = 3*f + 8. What is the units digit of f?
5
Suppose -10 = 2*c, -2*c = 3*o + c - 39. Suppose q = 7*q - o. Suppose -2*d = -q*d + 1. What is the units digit of d?
1
Let n = 36 + -23. Let y = 65 - n. What is the tens digit of y?
5
Suppose 9*o + 25550 = 44*o. What is the tens digit of o?
3
Let k(y) = -y**2 + 12*y - 22. Let o be k(9). What is the units digit of ((-2)/(-2))/(o/450)?
0
Let w = -248 - -589. What is the tens digit of w?
4
Let s = -1408 + 2284. What is the hundreds digit of s?
8
Let k be (14 + 7)/((-1)/(-3)). Let v = -20 + k. Suppose -52 = -r - 5*j, 5*j = -2*r + 36 + v. What is the units digit of r?
7
Suppose -6*t + t = -10. Suppose 5*w = -y - 3 + 2, w - 2 = t*y. Suppose -5*b + 5*m = m - 108, w = 4*m + 8. What is the units digit of b?
0
Let p(o) = -7*o - 2. Let x = -13 - -7. Let k be p(x). Suppose 9*g - 4*g - 78 = 2*a, -2*g = -3*a - k. What is the tens digit of g?
1
Let f be 726/(-77)*-1*(-14)/(-2). What is the units digit of 2*f/12 - (-2 + 0)?
3
Let h(f) = 2*f**3 - 23*f**2 + 13*f - 13. Suppose -4 = k + 5*p, k = 3*k - 5*p - 37. What is the units digit of h(k)?
9
Suppose 344 = 3*u + 5*g, -4*g = 5*u - 0*g - 582. Let n = u - -47. Suppose -2*m - m + n = 0. What is the tens digit of m?
5
Let h(j) = -j**3 + 6*j**2 - 4*j + 4. Let x(v) = v**2 - 5*v - 10. Let y be x(7). Let w = y + -1. What is the units digit of h(w)?
9
Let x be -1 - 2*3/(-6). Let j(n) = -4*n - 11*n + x*n. What is the tens digit of j(-1)?
1
Suppose 15*f - 3*d - 7974 = 11*f, 5*d - 4000 = -2*f. What is the units digit of f?
5
Suppose 16 = -3*b + 4. Let j be 318/14 + (-4)/(-14). Let y = j + b. What is the tens digit of y?
1
Suppose -52*s + 2119 = -585. What is the tens digit of s?
5
Let k be (-1)/(2/((-3992)/4)). Suppose 9*c - 212 = k. What is the tens digit of c?
7
Suppose -s - 1 = -23. Let t = s - 0. What is the units digit of t?
2
Let k(i) = -i**3 - 8*i**2 + 10*i + 12. Let l be k(-9). Suppose -3*a = -l - 9. Suppose y + 141 = 5*y + n, 0 = -2*y - a*n + 60. What is the tens digit of y?
3
Let o be ((-140)/16)/((3/44)/(-3)). Let h = o + -164. What is the units digit of h?
1
Suppose 0 = 5*b - 3*b - 10. Let p be (10 - 30)*(-2)/8. Suppose -5*z + 187 = b*x + 17, -z = p*x - 34. What is the tens digit of z?
3
Suppose -4 = -2*d, p + 5*d = -24 + 276. Let r = -55 + p. What is the tens digit of r?
8
Let a(f) = 3*f**3 - 14*f**2 - 8*f - 3. What is the units digit of a(8)?
3
Let h = -10 - -13. Suppose 4*l + 4*y = 4, y + 4*y - 1 = -h*l. What is the units digit of ((-10)/25)/(l/(-120))?
4
What is the hundreds digit of (-3 + (-21)/(-6))*1374?
6
Let y(n) be the first derivative of n**4/4 + 13*n**3/3 + 3*n**2/2 - 2*n - 37. What is the units digit of y(-5)?
3
Let f be 2*(306/4 + -1). Suppose h + 2*z - 5*z - 75 = 0, 5*z = 2*h - f. What is the units digit of h?
8
Let o = -831 + 1560. What is the units digit of o?
9
Suppose 30 = 4*m - 10. Let k be 3*-3*88/(-9). What is the tens digit of ((-5)/m)/((-2)/k)?
2
Let d = 820 + -561. What is the units digit of d?
9
Let q = 63 + -53. What is the units digit of (-1 - 133)*1*q/(-20)?
7
Let j = -1380 + 2190. What is the hundreds digit of j?
8
Let a(y) = y**3 + 5*y**2 + 5*y - 1. Let i(w) = -w**2 - w - 2. Let b be i(-2). Let s be a(b). Let j(u) = -u**2 - 9*u - 6. What is the tens digit of j(s)?
1
Let z(c) be the second derivative of 17*c**3/3 + 3*c**2/2 + c. What is the hundreds digit of z(4)?
1
Suppose 0 = c - 166 - 568. What is the hundreds digit of c?
7
Let l = 18 - 13. Suppose 5*a + 5*k = 10, -5*k + 4 = -5*a - 3*k. Suppose 0 = -a*u - 5*u + 5*x + 50, -l*u = x - 26. What is the units digit of u?
6
Suppose l + 3*k - 10 = 0, -l - 40 = 4*l - 3*k. What is the tens digit of (-2)/l - (-916)/10?
9
Let s(h) = -78*h - 387. What is the tens digit of s(-27)?
1
Let j(k) = 3*k**2 - 14*k + 12. Suppose -2*d - 5 = -3*d. Let b be j(d). What is the units digit of b/2 + 8/(-16)?
8
Let s = 897 + 1834. What is the tens digit of s?
3
Let u be -5*((-4)/(6 - 2))/1. Suppose u*q - 214 = 3*t + 45, 5*q + t = 267. What is the units digit of q?
3
Let m(p) = -2*p**2 + 61*p + 11. What is the units digit of m(26)?
5
Suppose -3*b + 71 = h, -4*h - 4*b - 213 = -7*h. Suppose -9*l = h - 179. What is the units digit of l?
2
Suppose 4*q + 5*o = 7320, 3*q + 3*o - 5490 = 2*o. What is the units digit of q?
0
Let w(c) = 52*c**2 - 27*c - 19. What is the units digit of w(3)?
8
Suppose 2*c = -4*c - 2484. Let v = c - -642. What is the units digit of v?
8
Suppose 9*h = 44 + 1. Suppose 540 = h*s + 3*z, 5*s = z - 0*z + 520. What is the hundreds digit of s?
1
Suppose 5*b - 242 - 113 = 0. Suppose 0 = -5*s - 6 + b. Suppose 58 = 5*l + s. What is the units digit of l?
9
Let l be -1 + 14 + (0 - 1). Suppose 2*w = 6*w - l. Suppose 2*i + 42 = 2*a, w*i = 4*a + 6*i - 49. What is the tens digit of a?
1
Suppose m + 4*l + 1 = 0, 0 = 5*m + 4*l - 10 - 1. Suppose 5*p - 2*i = 15 - 60, 4*i = m*p + 27. Let t = 33 + p. What is the tens digit of t?
2
Suppose -5*k + 78 - 3 = 0. Let n be 2082/30 - 6/k. Suppose 2*y = n + 9. What is the tens digit of y?
3
Let l be -3 + 1/1 - -12. What is the tens digit of (-15)/6*(-2 - 24/l)?
1
Let l be 20/(-8)*(-12)/15. Suppose 0 = -3*f - 5*n + 207, f - 62 = -l*n - 2*n. Suppose 0 = k - 3*k + f. What is the units digit of k?
7
Suppose -17*a + 16 = -16*a. Suppose -3*h - 30 = -3*r, 3*h + a + 2 = r. What is the units digit of r?
6
Suppose -3*x + 117 = 4*k - 0*k, 5*k = -2*x + 85. Let q = x + 117. What is the units digit of q?
2
Let l(b) = -4*b - 8. Let v be l(-3). Let t(x) = x + 1. What is the units digit of t(v)?
5
Let s(r) = r**3 - 2*r**2 - r. Let o be s(3). Let b be o/(-27) - 168/(-27). What is the tens digit of (-45)/6*(-8)/b?
1
Let z be (-46)/(